{"id":39,"date":"2016-01-14T17:52:08","date_gmt":"2016-01-14T17:52:08","guid":{"rendered":"http:\/\/jornalholandes.com.br\/?page_id=39"},"modified":"2019-01-17T14:46:54","modified_gmt":"2019-01-17T14:46:54","slug":"sobre-nos","status":"publish","type":"page","link":"https:\/\/gadoholandes.com\/jornal\/sobre-nos\/","title":{"rendered":"sobre n\u00f3s"},"content":{"rendered":"<p><img loading=\"lazy\" decoding=\"async\" class=\"alignnone size-full wp-image-5\" src=\"https:\/\/gadoholandes.com\/jornal\/wp-content\/uploads\/2016\/01\/logo_acghmg_oficial.png\" alt=\"logo_acghmg_oficial\" width=\"160\" height=\"160\" srcset=\"https:\/\/gadoholandes.com\/jornal\/wp-content\/uploads\/2016\/01\/logo_acghmg_oficial.png 160w, https:\/\/gadoholandes.com\/jornal\/wp-content\/uploads\/2016\/01\/logo_acghmg_oficial-150x150.png 150w, https:\/\/gadoholandes.com\/jornal\/wp-content\/uploads\/2016\/01\/logo_acghmg_oficial-66x66.png 66w\" sizes=\"auto, (max-width: 160px) 100vw, 160px\" \/><\/p>\n<p><strong>PUBLICA\u00c7\u00c3O OFICIAL DA ASSOCIA\u00c7\u00c3O DOS CRIADORES DE GADO HOLAND\u00caS DE MINAS GERAIS<\/strong><\/p>\n<p>REDA\u00c7\u00c3O<\/p>\n<p dir=\"LTR\" align=\"LEFT\"><strong>Equipe Valor Editora\u3000<\/strong><\/p>\n<p dir=\"LTR\" align=\"LEFT\"><b>Projeto Gr\u00e1fico e Editorial:<\/b> Equipe de Cria\u00e7\u00e3o da Valor Editora<\/p>\n<p dir=\"LTR\" align=\"LEFT\"><b>Edi\u00e7\u00e3o e Diagrama\u00e7\u00e3o<br \/>\n<\/b>Hel\u00f4 Costa &#8211; Mtb 00127\/MG<\/p>\n<p dir=\"LTR\" align=\"LEFT\"><b>Editor de Fotografia<br \/>\n<\/b>Wagner Correa<\/p>\n<p><strong>Revis\u00e3o Lingu\u00edstica<\/strong><br \/>\nProfessora Rosana Alves<\/p>\n<p><strong>Revis\u00e3o T\u00e9cnica<\/strong><br \/>\nDr. Francisco Otaviano Oliveira<br \/>\nDr. Rodrigo Pires Alves de Sousa<\/p>\n<p><strong>Reportagem<\/strong><br \/>\nEsther Figueiredo<br \/>\nL\u00eddia Martins<br \/>\nWagner Correa<\/p>\n<p><strong>Atualiza\u00e7\u00e3o Web<\/strong><br \/>\nGilberto Alves<\/p>\n<p><strong>Contato Imprensa<\/strong><br \/>\neditora.holandes@gmail.com<\/p>\n<p dir=\"LTR\" align=\"LEFT\"><em>Participe do jornal, envie sugest\u00e3o de pautas, reclama\u00e7\u00f5es, agenda de eventos e deixe seus coment\u00e1rios, esse \u00e9 o canal direto com o produtor: holandes.diagramador@gmail.com<\/em><\/p>\n","protected":false},"excerpt":{"rendered":"<p>PUBLICA\u00c7\u00c3O OFICIAL DA ASSOCIA\u00c7\u00c3O DOS CRIADORES DE GADO HOLAND\u00caS DE MINAS GERAIS REDA\u00c7\u00c3O Equipe Valor Editora\u3000 Projeto Gr\u00e1fico e Editorial: Equipe de Cria\u00e7\u00e3o da Valor Editora Edi\u00e7\u00e3o e Diagrama\u00e7\u00e3o Hel\u00f4 Costa &#8211; Mtb 00127\/MG Editor de Fotografia Wagner Correa Revis\u00e3o Lingu\u00edstica Professora Rosana Alves Revis\u00e3o T\u00e9cnica Dr. Francisco Otaviano Oliveira Dr. Rodrigo Pires Alves de [&hellip;]<\/p>\n","protected":false},"author":2,"featured_media":0,"parent":0,"menu_order":0,"comment_status":"closed","ping_status":"closed","template":"","meta":{"footnotes":""},"class_list":["post-39","page","type-page","status-publish","hentry"],"_links":{"self":[{"href":"https:\/\/gadoholandes.com\/jornal\/wp-json\/wp\/v2\/pages\/39","targetHints":{"allow":["GET"]}}],"collection":[{"href":"https:\/\/gadoholandes.com\/jornal\/wp-json\/wp\/v2\/pages"}],"about":[{"href":"https:\/\/gadoholandes.com\/jornal\/wp-json\/wp\/v2\/types\/page"}],"author":[{"embeddable":true,"href":"https:\/\/gadoholandes.com\/jornal\/wp-json\/wp\/v2\/users\/2"}],"replies":[{"embeddable":true,"href":"https:\/\/gadoholandes.com\/jornal\/wp-json\/wp\/v2\/comments?post=39"}],"version-history":[{"count":7,"href":"https:\/\/gadoholandes.com\/jornal\/wp-json\/wp\/v2\/pages\/39\/revisions"}],"predecessor-version":[{"id":6371,"href":"https:\/\/gadoholandes.com\/jornal\/wp-json\/wp\/v2\/pages\/39\/revisions\/6371"}],"wp:attachment":[{"href":"https:\/\/gadoholandes.com\/jornal\/wp-json\/wp\/v2\/media?parent=39"}],"curies":[{"name":"wp","href":"https:\/\/api.w.org\/{rel}","templated":true}]}}