{"id":99,"date":"2011-07-15T12:20:11","date_gmt":"2011-07-15T12:20:11","guid":{"rendered":"http:\/\/localhost\/jornal\/?page_id=84"},"modified":"2024-01-11T18:09:25","modified_gmt":"2024-01-11T18:09:25","slug":"contato","status":"publish","type":"page","link":"https:\/\/gadoholandes.com\/jornal\/contato\/","title":{"rendered":"Contato"},"content":{"rendered":"<p>Envie sugest\u00e3o de pautas, coment\u00e1rios e eventos.<br \/>\nEsses s\u00e3o\u00a0os canais direto com Jornal Holand\u00eas. Participe!<\/p>\n<p>Reda\u00e7\u00e3o |\u00a0 <a href=\"mailto:editora@jornalholandes.com.br\">editora.holandes@gmail.com.br<\/a><\/p>\n<p><strong>ENVIE UM E-MAIL PARA RECEBER NOT\u00cdCIAS DO JORNAL HOLAND\u00caS<\/strong><\/p>\n<p><a href=\"mailto:editora@jornalholandes.com.br\">editora.holandes@gmail.com.br<\/a><\/p>\n<p><span style=\"color: #993300;\"><a style=\"color: #993300;\" href=\"http:\/\/gadoholandes.com\" target=\"_blank\" rel=\"noopener noreferrer\"><strong>ACESSE O SITE DA ACGHMG<\/strong><\/a><\/span><\/p>\n","protected":false},"excerpt":{"rendered":"<p>Envie sugest\u00e3o de pautas, coment\u00e1rios e eventos. Esses s\u00e3o\u00a0os canais direto com Jornal Holand\u00eas. Participe! Reda\u00e7\u00e3o |\u00a0 editora.holandes@gmail.com.br ENVIE UM E-MAIL PARA RECEBER NOT\u00cdCIAS DO JORNAL HOLAND\u00caS editora.holandes@gmail.com.br ACESSE O SITE DA ACGHMG<\/p>\n","protected":false},"author":2,"featured_media":0,"parent":0,"menu_order":0,"comment_status":"closed","ping_status":"closed","template":"","meta":{"footnotes":""},"class_list":["post-99","page","type-page","status-publish","hentry"],"_links":{"self":[{"href":"https:\/\/gadoholandes.com\/jornal\/wp-json\/wp\/v2\/pages\/99","targetHints":{"allow":["GET"]}}],"collection":[{"href":"https:\/\/gadoholandes.com\/jornal\/wp-json\/wp\/v2\/pages"}],"about":[{"href":"https:\/\/gadoholandes.com\/jornal\/wp-json\/wp\/v2\/types\/page"}],"author":[{"embeddable":true,"href":"https:\/\/gadoholandes.com\/jornal\/wp-json\/wp\/v2\/users\/2"}],"replies":[{"embeddable":true,"href":"https:\/\/gadoholandes.com\/jornal\/wp-json\/wp\/v2\/comments?post=99"}],"version-history":[{"count":15,"href":"https:\/\/gadoholandes.com\/jornal\/wp-json\/wp\/v2\/pages\/99\/revisions"}],"predecessor-version":[{"id":10217,"href":"https:\/\/gadoholandes.com\/jornal\/wp-json\/wp\/v2\/pages\/99\/revisions\/10217"}],"wp:attachment":[{"href":"https:\/\/gadoholandes.com\/jornal\/wp-json\/wp\/v2\/media?parent=99"}],"curies":[{"name":"wp","href":"https:\/\/api.w.org\/{rel}","templated":true}]}}